ime factors of 27832?
2, 7, 71
What are the prime factors of 2858?
2, 1429
List the prime factors of 239.
239
What are the prime factors of 196581?
3, 7, 11, 23, 37
List the prime factors of 3684.
2, 3, 307
List the prime factors of 14201.
11, 1291
List the prime factors of 3078.
2, 3, 19
What are the prime factors of 2832?
2, 3, 59
What are the prime factors of 3388?
2, 7, 11
What are the prime factors of 7382?
2, 3691
What are the prime factors of 2581?
29, 89
List the prime factors of 911.
911
List the prime factors of 2457.
3, 7, 13
List the prime factors of 93270.
2, 3, 5, 3109
What are the prime factors of 2531?
2531
List the prime factors of 2948.
2, 11, 67
List the prime factors of 5234.
2, 2617
What are the prime factors of 2270?
2, 5, 227
What are the prime factors of 17213?
7, 2459
What are the prime factors of 314?
2, 157
What are the prime factors of 52863?
3, 67, 263
List the prime factors of 101091.
3, 31, 1087
What are the prime factors of 908?
2, 227
What are the prime factors of 58914?
2, 3, 1091
What are the prime factors of 26115?
3, 5, 1741
What are the prime factors of 911?
911
List the prime factors of 18649.
17, 1097
List the prime factors of 1288.
2, 7, 23
What are the prime factors of 8185?
5, 1637
What are the prime factors of 14206?
2, 7103
What are the prime factors of 135217?
23, 5879
List the prime factors of 4976.
2, 311
What are the prime factors of 42629?
47, 907
What are the prime factors of 1418?
2, 709
What are the prime factors of 40689?
3, 11, 137
List the prime factors of 49397.
47, 1051
List the prime factors of 2188.
2, 547
List the prime factors of 95832.
2, 3, 11
What are the prime factors of 1154?
2, 577
What are the prime factors of 1572?
2, 3, 131
List the prime factors of 11171.
11171
What are the prime factors of 7824?
2, 3, 163
List the prime factors of 148.
2, 37
What are the prime factors of 156695?
5, 7, 11, 37
List the prime factors of 1193.
1193
What are the prime factors of 52782?
2, 3, 19, 463
What are the prime factors of 1933?
1933
What are the prime factors of 2982?
2, 3, 7, 71
What are the prime factors of 22212?
2, 3, 617
What are the prime factors of 2809?
53
List the prime factors of 85531.
85531
What are the prime factors of 42880?
2, 5, 67
List the prime factors of 38384.
2, 2399
What are the prime factors of 9?
3
What are the prime factors of 5917?
61, 97
What are the prime factors of 8373?
3, 2791
What are the prime factors of 10940?
2, 5, 547
List the prime factors of 343.
7
List the prime factors of 552.
2, 3, 23
What are the prime factors of 1095?
3, 5, 73
What are the prime factors of 446?
2, 223
What are the prime factors of 34759?
34759
List the prime factors of 389.
389
List the prime factors of 51294.
2, 3, 83, 103
List the prime factors of 3383.
17, 199
List the prime factors of 128634.
2, 3, 11, 1949
List the prime factors of 223.
223
List the prime factors of 5011.
5011
List the prime factors of 10639.
10639
List the prime factors of 15903.
3, 19, 31
What are the prime factors of 13208?
2, 13, 127
List the prime factors of 8879.
13, 683
What are the prime factors of 1567?
1567
List the prime factors of 1164.
2, 3, 97
List the prime factors of 1018.
2, 509
List the prime factors of 1365.
3, 5, 7, 13
List the prime factors of 47607.
3, 7, 2267
What are the prime factors of 12209?
29, 421
List the prime factors of 73997.
7, 11, 31
What are the prime factors of 31575?
3, 5, 421
List the prime factors of 15950.
2, 5, 11, 29
List the prime factors of 49487.
17, 41, 71
List the prime factors of 129.
3, 43
What are the prime factors of 22154?
2, 11, 19, 53
List the prime factors of 1520.
2, 5, 19
What are the prime factors of 4792?
2, 599
What are the prime factors of 771?
3, 257
List the prime factors of 408.
2, 3, 17
What are the prime factors of 19334?
2, 7, 1381
What are the prime factors of 430?
2, 5, 43
List the prime factors of 27151.
19, 1429
What are the prime factors of 25394?
2, 12697
What are the prime factors of 1968?
2, 3, 41
What are the prime factors of 7496?
2, 937
List the prime factors of 683.
683
List the prime factors of 2561.
13, 197
List the prime factors of 1533.
3, 7, 73
What are the prime factors of 80313?
3, 19, 1409
What are the prime factors of 2374?
2, 1187
What are the prime factors of 2739?
3, 11, 83
What are the prime factors of 32924?
2, 8231
What are the prime factors of 9220?
2, 5, 461
List the prime factors of 54563.
54563
List the prime factors of 29099.
7, 4157
List the prime factors of 10331.
10331
What are the prime factors of 7788?
2, 3, 11, 59
List the prime factors of 1466.
2, 733
What are the prime factors of 2450?
2, 5, 7
What are the prime factors of 9632?
2, 7, 43
List the prime factors of 1961.
37, 53
What are the prime factors of 2653?
7, 379
What are the prime factors of 3990?
2, 3, 5, 7, 19
What are the prime factors of 716?
2, 179
What are the prime factors of 1032?
2, 3, 43
What are the prime factors of 3614?
2, 13, 139
List the prime factors of 914.
2, 457
What are the prime factors of 33452?
2, 8363
List the prime factors of 4401.
3, 163
List the prime factors of 78577.
78577
List the prime factors of 13814.
2, 6907
What are the prime factors of 112196?
2, 7, 4007
What are the prime factors of 10964?
2, 2741
What are the prime factors of 484?
2, 11
What are the prime factors of 8820?
2, 3, 5, 7
List the prime factors of 3870.
2, 3, 5, 43
List the prime factors of 59808.
2, 3, 7, 89
What are the prime factors of 89319?
3, 19, 1567
List the prime factors of 18779.
89, 211
List the prime factors of 11176.
2, 11, 127
What are the prime factors of 3000?
2, 3, 5
What are the prime factors of 135165?
3, 5, 9011
What are the prime factors of 620?
2, 5, 31
List the prime factors of 962.
2, 13, 37
List the prime factors of 73757.
73757
What are the prime factors of 12163?
12163
What are the prime factors of 61395?
3, 5, 4093
What are the prime factors of 3191?
3191
What are the prime factors of 263?
263
What are the prime factors of 5333?
5333
List the prime factors of 859.
859
What are the prime factors of 41778?
2, 3, 11, 211
List the prime factors of 2028.
2, 3, 13
List the prime factors of 6984.
2, 3, 97
What are the prime factors of 2030?
2, 5, 7, 29
List the prime factors of 5414.
2, 2707
List the prime factors of 40519.
40519
What are the prime factors of 588?
2, 3, 7
What are the prime factors of 128353?
37, 3469
List the prime factors of 837.
3, 31
List the prime factors of 2095.
5, 419
What are the prime factors of 15693?
3, 5231
List the prime factors of 4130.
2, 5, 7, 59
What are the prime factors of 1153?
1153
List the prime factors of 700.
2, 5, 7
What are the prime factors of 5109?
3, 13, 131
What are the prime factors of 2149?
7, 307
List the prime factors of 14150.
2, 5, 283
What are the prime factors of 4163?
23, 181
What are the prime factors of 8650?
2, 5, 173
List the prime factors of 42349.
42349
List the prime factors of 30312.
2, 3, 421
List the prime factors of 5881.
5881
What are the prime factors of 10305?
3, 5, 229
List the prime factors of 69268.
2, 17317
What are the prime factors of 452?
2, 113
List the prime factors of 4770.
2, 3, 5, 53
List the prime factors of 3681.
3, 409
List the prime factors of 598.
2, 13, 23
List the prime factors of 12616.
2, 19, 83
List the prime factors of 10173.
3, 3391
List the prime factors of 16519.
16519
List the prime factors of 14161.
7, 17
List the prime factors of 82623.
3, 27541
List the prime factors of 12349.
53, 233
What are the prime factors of 10421?
17, 613
What are the prime factors of 8637?
3, 2879
List the prime factors of 8922.
2, 3, 1487
List the prime factors of 7007.
7, 11, 13
What are the prime factors of 27092?
2, 13, 521
What are the prime factors of 804?
2, 3, 67
What are the prime factors of 3204?
2, 3, 89
What are the prime factors of 91923?
3, 13, 2357
List the prime factors of 67250.
2, 5, 269
List the prime factors of 604.
2, 151
What are the prime factors of 469?
7, 67
What are the prime factors of 4444?
2, 11, 101
What are the prime factors of 353?
353
List the prime factors of 545.
5, 109
List the prime factors of 74000.
2, 5, 37
What are the prime factors of 926?
2, 463
List the prime factors of 36680.
2, 5, 7, 131
What are the pr